n - 39025 = 11*s, -2*s + 15587 = 3*n. What are the prime factors of s?
29, 269
Let v = -33 + 18. Let j be v + (-3 - -6)/1. List the prime factors of j/(-18) + 136/3.
2, 23
Suppose -3*z = -2*z. Suppose z = 12*u + 699 - 3399. List the prime factors of u.
3, 5
Suppose -2*p + 51903 = 5*y, -398*p + 3*y - 25950 = -399*p. What are the prime factors of p?
3, 17, 509
Suppose -607*t + 613*t = 159966. What are the prime factors of t?
3, 8887
Let p(l) = 6*l - 119. Let m be p(22). Suppose 3*y = 2*g + 925, -y - 8*g + m*g + 317 = 0. What are the prime factors of y?
307
Suppose 5*m - 26376 = -2*h + 121279, 0 = 4*h + 2*m - 295238. List the prime factors of h.
5, 29, 509
Suppose -l + 0*b = -3*b - 9207, -2*l = -b - 18389. List the prime factors of l.
2, 3, 383
Suppose 18*u - 100901 = 173059. Suppose 12122 = 18*v - u. What are the prime factors of v?
7, 31
Suppose -z + t = 2, z = -2*z + 4*t - 11. Let n(s) = -s**2 - 10*s + 2. Let x(o) = -1. Let v(m) = z*x(m) + n(m). List the prime factors of v(-6).
23
Suppose -5*d - 3*n - 6808 = -26062, 2*n - 11553 = -3*d. What are the prime factors of d?
3, 1283
What are the prime factors of 2 + 20/(-9) - 18/(2268/(-2462446))?
19543
Suppose 3*t + 4324 = 4*u, 0 = -4*u - 3*t + 5149 - 825. Suppose -5*g + u = 76. List the prime factors of g.
3, 67
Let f(k) = 1002*k**2 - 1509*k + 7. What are the prime factors of f(5)?
2, 11, 199
Let v(n) = -n**3 + 28*n**2 - 50*n + 1. Let g be v(26). Suppose -g = -2*z + 3*l + 78, z - 33 = -5*l. What are the prime factors of z?
2, 29
Let g(u) be the third derivative of -u**6/120 + 2*u**5/5 - 2*u**4/3 - 4*u**3 + 3*u**2 - 4*u. What are the prime factors of g(23)?
137
Suppose 13*y + 40*y + 197359 - 1634242 = 0. List the prime factors of y.
3, 7, 1291
List the prime factors of ((-3)/(-42)*-35142)/(9/(-42)).
2, 5857
Let k(d) = 40*d**3 - 105*d + 13. What are the prime factors of k(11)?
2, 3, 19, 457
Let o be (-342)/16 + (-12)/(-32). Let f = 9 + o. List the prime factors of (-217)/(-3) + (f/9 - -1).
2, 3
Let y(c) = c**3 + c**2 - 2*c - 2. Let p be y(-3). Let m = 15 + p. What are the prime factors of m/(-1 + (-116)/(-112))?
2, 7
Let v(q) = 23*q**2 - 36*q + 307. What are the prime factors of v(-18)?
7, 1201
Suppose -7*s = -18*s - 66. What are the prime factors of (-3459)/(-18) - (s/(-36))/1?
2, 3
Suppose 20*w - 28686 = 15*w - 4*r, 2*w - 5*r - 11481 = 0. List the prime factors of w.
2, 19, 151
Suppose 42*v + 27697 - 275688 = 77467. What are the prime factors of v?
3, 7, 41
List the prime factors of (2/4 - 28/88) + 1578108/462.
2, 7, 61
Let x be 5/(-25) - (-1 - 16/5). Suppose 2 = x*m - 2*b, 5*m + 0*b - 25 = -2*b. Suppose 0 = m*a + 86 - 350. List the prime factors of a.
2, 11
Let z be 12*6/18 - -180. Let r = 288 - z. List the prime factors of r.
2, 13
Let q(h) = -7*h**2 + 2*h + 2*h**3 - 7 - 5 + 2 - h**3. Let t be q(7). Suppose -k - 2*u = -122, 3*u = k + t*k - 545. List the prime factors of k.
2, 7
Let f be 517 - 21/(9 + -2). Let b = f - 75. List the prime factors of b.
439
Let y(r) = -1871*r - 1897. What are the prime factors of y(-6)?
19, 491
Let k(j) = -j + 1. Let x(z) = 13*z + 3. Let y(s) = s + 4. Let p be y(-9). Let i(r) = p*k(r) + x(r). What are the prime factors of i(5)?
2, 11
What are the prime factors of (-829530)/(-60) + 24 - 5/(-2)?
2, 3463
Suppose 14*i + 86615 - 122778 - 249983 = 0. List the prime factors of i.
3, 757
Let g = -49 + 28. List the prime factors of 4136/10 + (g/5)/7.
7, 59
Suppose 3*n = -28 + 118. Suppose -566 - 6994 = -n*w. List the prime factors of w.
2, 3, 7
Suppose -31*w + 10491 = -26671 - 214434. List the prime factors of w.
2, 2029
Let d be ((-1)/5*-4)/((-4)/(-30)). Suppose -7*h - 22 = d. List the prime factors of 171/3 + h - 1.
2, 13
Let x = -15910 - -24850. List the prime factors of x.
2, 3, 5, 149
Suppose 6*m = 120*m - 996018. What are the prime factors of m?
8737
Suppose -3*m + 5*m - 3*a = -1, m = 4*a - 8. Suppose 2*b - 442 = m*p, 0 = 4*b - 5*p - 1053 + 157. Suppose 175 = 4*j - b. List the prime factors of j.
101
Let z(l) = 2*l**3 - 16*l**2 - 19*l + 26. Let p be z(9). Let v = 89 - 41. Let q = v - p. List the prime factors of q.
31
Let s(i) = 11*i**3 + 5*i**2 + i. Let w be s(4). Suppose 0 = 14*p + w - 5744. What are the prime factors of p?
2, 3, 59
Suppose 6*g - 10*g + 5*u + 61580 = 0, 61588 = 4*g - 3*u. What are the prime factors of g?
2, 5, 7, 11
Suppose 2*d + 0*d = -4*j - 10, -d = -5*j + 5. Suppose j = -y - k + 6, 2*y - 6*k = -4*k - 4. Suppose 3*q = 6, 3*n = 7*n - y*q - 464. List the prime factors of n.
3, 13
Let x = -1455 + 719. Let k = 1306 + x. What are the prime factors of k?
2, 3, 5, 19
Suppose -5*b + 4 = -1. Let x be b/(-3) - (55/(-3))/(-5). List the prime factors of -3 + x/(-1) + -2 - -136.
3, 5
Let i = -300 + 302. Suppose -2*h = 2*d - 1664, 3*d = 4*h - i*h - 1639. List the prime factors of h.
827
Let u(m) = 1974*m**2 + 8*m + 12. What are the prime factors of u(2)?
2, 7, 283
Let x(j) = 56*j**2 - 3*j + 5. Let c = -446 - -448. What are the prime factors of x(c)?
223
Let v(f) = -2*f**3 - 8*f**2 - 10*f - 1. Let o be v(-4). Let n = o - 40. List the prime factors of 17 + -3 - (2 + n + -2).
3, 5
Let a be (-2)/(-2*1/(-15)). Let p(z) be the first derivative of -z**4/4 - 5*z**3 - 5*z**2 - 26*z - 128. What are the prime factors of p(a)?
2, 31
List the prime factors of (4/(-3))/((-69)/709803).
2, 3, 127
Let c(l) = l**3 - 16*l**2 - 36*l + 39. Suppose 2*n = 8*n - 114. What are the prime factors of c(n)?
2, 3, 73
Let z(o) = 9*o**3 + 12*o**2 - 48*o + 1. Let y(r) = 5*r**3 + 6*r**2 - 24*r. Let g(m) = 7*y(m) - 4*z(m). What are the prime factors of g(-11)?
337
Let t = 15495 - 1314. What are the prime factors of t?
3, 29, 163
Suppose -4*l + q + 21 = 0, -l - 2*q - 27 = -6*l. Suppose -f - 3*f = 5*t - 49, l*t - 25 = 0. Suppose f*b - 848 = 106. What are the prime factors of b?
3, 53
Let k(t) = 6*t + 28. Let r(u) = -2*u - 10. Let c be r(-7). Let q be k(c). Let v = 77 - q. List the prime factors of v.
5
Let s = 54444 + -38595. List the prime factors of s.
3, 587
Let y(d) = -191*d**3 + 8*d**2 + 7*d + 131. What are the prime factors of y(-6)?
17, 31, 79
Let y = 10793 - 9050. List the prime factors of y.
3, 7, 83
Let x(k) = -2*k**3 - 2*k**2 - 2*k - 38. Let m be (-4)/(-22) - (-136)/(-22). List the prime factors of x(m).
2, 167
Let t = 13443 - 4933. What are the prime factors of t?
2, 5, 23, 37
Let s be (-1182)/8*64/(-12). List the prime factors of s*(-1)/(-1) + (-34)/34.
787
Let p be (60/35)/(10/(-14) + 1). Let n be (-45)/p*(-3 + 1). What are the prime factors of (234/n)/(6/45)?
3, 13
Suppose -93*s = -212*s + 315826. List the prime factors of s.
2, 1327
Let w(f) be the first derivative of 5*f**2 + 358*f + 22. List the prime factors of w(-4).
2, 3, 53
Let v(p) = 77*p**2 - 2515*p - 62. What are the prime factors of v(37)?
2, 29, 53
Suppose -4*c + a = 25, -4*c + 2*a = -0*c + 30. What are the prime factors of 10530/18*(-2)/c?
2, 3, 13
Suppose -5*m - 2*d = -40173, 0*m - 2*m + d = -16062. What are the prime factors of m?
29, 277
Let d(k) = 2*k**2 - 7*k + 2. Let q be d(4). Suppose 0*z + q = 2*z. Let o(c) = 3*c**3 + c**2 + 2*c - 1. List the prime factors of o(z).
5, 19
Let n(d) = 94*d**2 - 210*d + 1640. What are the prime factors of n(8)?
2, 3, 83
Let m(x) = 381*x - 953. What are the prime factors of m(65)?
2, 5953
Let n(t) = -4*t**2 - 23*t - 17. Let k be n(-5). Let d be (12/1)/(-5 + (-14)/k). Suppose 13*i = d*i + 21. What are the prime factors of i?
3
Let o(r) = r**3 + 24*r**2 + 58*r + 33. Let n be o(-22). Let m = n + 438. List the prime factors of m.
163
Let m be (10/(-4))/(-5)*766. Let o = -371 + m. What are the prime factors of o?
2, 3
Suppose 17*i + 113*i = -54*i + 3211720. What are the prime factors of i?
5, 3491
Let c(j) = -4*j**3 + 6*j**2 + 0 + 6*j + 8 + 9*j**3 - 6*j**3. What are the prime factors of c(-7)?
3, 67
Let z(h) = 137*h**2 + 95*h - 1954. What are the prime factors of z(21)?
2, 19, 37, 43
Let a be 19/(-2) + 5/10. Let z be (a/(-4) - 2) + (-110)/(-40). What are the prime factors of 10/z + 22/33?
2
Let o = 195182 + -134194. List the prime factors of o.
2, 79, 193
Suppose -16*y = -10*y - 234. Let l = 44 - 2. Suppose -l*d = -y*d - 69. List the prime factors of d.
23
Suppose 49*o + 5514 = 50*o - 2*c, -c + 5511 = o. List the prime factors of o.
2, 13, 53
List the prime factors of (((-1)/(-5))/((-4